e ((-10)/h)/((-5)/(-100)). Calculate the greatest common factor of 10 and p.
10
Let u = -5 + 10. Suppose -u*k - 21 = -2*k. Let o = k + 11. Calculate the greatest common factor of 8 and o.
4
Let a be (-4)/(-2*(-3)/(-12)). Let z = 9 - -11. What is the greatest common factor of a and z?
4
Suppose -45 = -3*f - 15. Let j(u) = u**2 + 4*u - 8. Let p be j(-6). Calculate the greatest common factor of p and f.
2
Let t be ((-5)/3)/(4/(-12)). Let q(j) = 5*j**2 + j + 2. Let u = 2 + -4. Let m be q(u). Calculate the highest common factor of t and m.
5
Suppose 248 + 432 = 4*q + 2*r, -5*r = q - 188. What is the greatest common divisor of q and 21?
21
Let x(q) = 5*q**2 + q - 4. Let y be x(-4). Suppose 8*a = 4*a + y. What is the greatest common divisor of a and 108?
18
Let v be ((-40)/(-3))/((-2)/(-12)). Calculate the highest common divisor of v and 200.
40
Let h(t) = t**2 - 3*t - 3. Let q be h(6). Calculate the greatest common divisor of q and 6.
3
Let m(d) = 3*d**2 + 6*d - 15. Let l be m(-5). Calculate the highest common factor of l and 6.
6
Let n be (1 - -3)/((-2)/(-64)). Suppose 10*h - 8*h = 32. Calculate the highest common factor of n and h.
16
Suppose -2*q + 2*c + 7 = 5*c, -2*c + 2 = 0. Suppose -u - q*u = -429. Let d be (-2 - 24/1)/(-2). What is the highest common divisor of u and d?
13
Suppose n + 4*r = 17, 0 = -3*n - r - 3*r + 19. Let x be (0 - (-1)/n)*27. What is the highest common divisor of x and 54?
27
Let i = 78 - 48. Calculate the greatest common divisor of 20 and i.
10
Let t be 180/13 - (-6)/39. Let v be t + -1 - (-3)/1. What is the highest common factor of 160 and v?
16
Suppose 0 = -3*r + f + 27, -2*r + r + 9 = -f. Let u(h) = 6 - h**2 - r*h + h - 3*h. Let j be u(-9). What is the highest common divisor of 6 and j?
6
Suppose -40 = -7*p + 3*p. Suppose -3*c + p = -5. What is the greatest common factor of c and 20?
5
Let n be -4*(3 - (1 - -1)). Let w be 2 + (-176)/(n + 2). What is the highest common factor of w and 18?
18
Let t(l) = l**3 + 6*l**2 + 2*l - 7. Let u be t(-5). Suppose 0 = -37*h + 35*h + 144. What is the highest common factor of u and h?
8
Suppose -4*h + 0 + 20 = 0, -h = 4*f - 141. Let c be (-14)/21 - f/(-6). What is the highest common factor of c and 45?
5
Suppose 2*h - 10 = 0, -2*h = -p + 2*p - 19. Let v(f) = 8*f + 5. Let t be v(p). Let s be (3 - 2)*-7*-1. What is the highest common divisor of t and s?
7
Suppose -3*q + 115 = 4*m - 165, 2*q - 5*m = 225. What is the highest common factor of 20 and q?
20
Suppose 10 = 5*b, -2*l + l + b = -30. Calculate the highest common divisor of 16 and l.
16
Suppose -h = -6*h + 15. Let x(i) = i + 7. Let n be x(h). What is the highest common divisor of 4 and n?
2
Suppose -8 = -4*u + 16. Suppose -i - 20 = -6*i. Calculate the greatest common divisor of u and i.
2
Let s be (15/(-25)*2)/(3/(-20)). Calculate the highest common factor of s and 56.
8
Suppose -77 = -3*n - 23. What is the greatest common divisor of n and 36?
18
Let w(q) = 12*q**2 - 5*q + 7. Let r be w(3). Suppose 0 = 5*m + p - r, 2*p + 2*p - 40 = -2*m. What is the greatest common factor of m and 2?
2
Let x = 32 + -22. What is the highest common divisor of 15 and x?
5
Suppose 0 = -2*s + s. Suppose s = -5*y + 9*y - 20. Let f = y + 6. Calculate the highest common divisor of f and 22.
11
Suppose -2*n = -0*n + 5*h + 14, 0 = -5*n - 5*h - 5. Let v be -8 + (0 - -1)*n. Let m be 10 + 2 + v + 3. Calculate the highest common divisor of m and 5.
5
Let z(c) = c - 6. Let j be z(7). Let y(r) = -r**2 - 14*r - 1. Let q be y(-13). Let i = j + q. What is the greatest common factor of i and 143?
13
Let z be 1/5 + (-27)/(-15). Suppose -x + 192 = z*x. Let s = 35 + x. Calculate the highest common divisor of 11 and s.
11
Suppose 4*n - c - 1003 = 0, -c - c = -10. Calculate the highest common factor of 36 and n.
36
Let y(f) = -18*f**3 - f**2 - f. Let j be y(-1). Suppose n - j = -0*n. Let r be 4/(4/n*1). What is the greatest common factor of r and 162?
18
Let f = 27 + -13. Suppose -233*u + 235*u - 42 = 0. What is the highest common divisor of u and f?
7
Let i = 10 - 8. Suppose -i*m + 6 = 2*d - 3*m, 0 = 4*d - 5*m - 12. What is the highest common divisor of d and 33?
3
Suppose 2*o - 6*o + 8 = 0. Suppose o*n = n - 4*s + 20, 8 = -2*n + 4*s. What is the highest common factor of n and 4?
4
Let z = -22 - -11. Let s = -8 - z. Suppose v = -5*t + 259, -t - 107 = -3*t + s*v. What is the greatest common factor of 13 and t?
13
Suppose 2*q + 3*q + 5*t - 55 = 0, -5*t = -2*q + 8. What is the highest common factor of q and 6?
3
Suppose -2*v + 506 = 4*y, -5*y + 7*v + 626 = 3*v. What is the greatest common divisor of 14 and y?
14
Let c be 5*((-12)/3 - -6). What is the greatest common factor of c and 20?
10
Suppose 5*w + 7 + 8 = 0. Let c be (-10)/15*w/2. What is the greatest common divisor of c and 2?
1
Let f(p) = 13*p**2 - 9*p - 11. Let s(j) = 6*j**2 - 4*j - 5. Let u(x) = -3*f(x) + 7*s(x). Let w be u(-6). What is the highest common divisor of 14 and w?
14
Suppose 0 = 4*i - i + 51. Let t = i - -20. Calculate the highest common divisor of t and 18.
3
Let q = 164 + -104. Calculate the highest common divisor of q and 24.
12
Suppose 2*t = 4*t - 112. Calculate the greatest common factor of t and 7.
7
Let d = -3 + 5. Suppose 20 = 4*w - d*w. What is the greatest common divisor of w and 110?
10
Let c(m) = m**2 - 5*m + 2. Let g be c(7). Calculate the highest common divisor of g and 32.
16
Suppose 0 = -2*b + c + 43, 0*b - c = 2*b - 37. What is the highest common divisor of 30 and b?
10
Let p = -158 - -444. Calculate the highest common divisor of 26 and p.
26
Suppose -2*q + 105 = 3*b - 6*b, -52 = -q + 2*b. Let f be (-7)/35 - 61/(-5). Suppose -z = z - f. What is the greatest common divisor of q and z?
6
Let v = 45 - 35. What is the highest common divisor of v and 25?
5
Let g be (-26)/91 - (-382)/14. What is the highest common divisor of 27 and g?
27
Let c(p) = 7*p - 20. Let j be c(6). Calculate the highest common divisor of 286 and j.
22
Suppose 2*n + k = 60, 5*k = -n + 3*k + 27. Calculate the greatest common divisor of n and 341.
31
Let l be (-7)/(-2*(-4)/(-40)). Let v = -13 + 18. What is the greatest common divisor of v and l?
5
Let u = 16 - -9. Suppose -2*y + u = -y. What is the greatest common divisor of 5 and y?
5
Let n(x) = -x + 37. Let g be n(0). Suppose -8*f = -1537 - 535. What is the greatest common divisor of f and g?
37
Suppose 11*c - 4*c - 350 = 0. Calculate the greatest common factor of c and 10.
10
Let m(r) = 17*r**3 + r**2 - 2*r + 1. Let l be m(2). Let y be (-8)/20 - l/(-5). Let o be 4/14 + (-122)/(-14). What is the greatest common divisor of y and o?
9
Suppose -3*d - 129 = 2*v - v, -5*d - 215 = 3*v. Let j = -25 - d. What is the greatest common factor of j and 2?
2
Let z = -31 - -40. Calculate the highest common divisor of 63 and z.
9
Suppose 2*b + 3*b = 0. Suppose -4 = -2*g - b. Suppose p = n + 3, 2*n - n - g = 0. Calculate the highest common factor of p and 40.
5
Let w be (-1 + 2)*1*0. Suppose w = 5*h - h - 228. Let p = -1 + 39. Calculate the greatest common factor of h and p.
19
Let l = -8 - -16. Suppose 5*c = 5*b + 6125, 3*c + c - 4918 = -2*b. Let w be (-2)/(-7) + c/14. What is the highest common divisor of l and w?
8
Let u be (1 - 0)*(18 - (3 - -2)). What is the greatest common divisor of u and 26?
13
Suppose 3*a = a + 20. Suppose -3*n - 7 = -3*d + 20, 9 = -n + 5*d. Let j = 39 + n. What is the highest common factor of j and a?
10
Let l be 52/24 - (-1)/(-6). Suppose -4*c = -l*c - 300. Suppose 8*z = 3*z + c. Calculate the highest common divisor of z and 12.
6
Suppose 2*l + 172 = 3*u, 101 = 3*u - 5*l - 59. What is the highest common factor of u and 24?
12
Suppose -x + 10*x - 324 = 0. Calculate the highest common divisor of 96 and x.
12
Suppose 2*z = 3*z + 1. Let l(f) = -8*f**3 + 2*f**2 - 1. Let a be l(z). What is the highest common factor of 1 and a?
1
Let h(c) = 7*c - 38. Let n be h(12). What is the highest common factor of 322 and n?
46
Let x(u) be the first derivative of -3*u**2/2 + u + 4. Let j be x(-6). Let g = j - 13. What is the greatest common factor of g and 3?
3
Let b be (0 + (4 - 4))/(-2). Suppose -5*x + 3*x + 72 = 4*h, b = 5*x + 2*h - 148. What is the highest common factor of 4 and x?
4
Suppose q + 2*q - 54 = -h, -2*h + 2*q + 140 = 0. What is the highest common divisor of 6